{"id":89,"date":"2018-02-03T14:42:22","date_gmt":"2018-02-03T14:42:22","guid":{"rendered":"https:\/\/cineteatrocolon.com.ar\/?page_id=89"},"modified":"2026-04-07T02:30:10","modified_gmt":"2026-04-07T00:30:10","slug":"estreno_08-02-2018","status":"publish","type":"page","link":"https:\/\/cineteatrocolon.com.ar\/","title":{"rendered":"Estrenos de Cine"},"content":{"rendered":"<div class=\"wpb-content-wrapper\"><p>[vc_row type=&#8221;full-nopad&#8221; css=&#8221;.vc_custom_1705149859899{background-color: #228ed6 !important;}&#8221;][vc_column][vc_empty_space height=&#8221;45px&#8221;][vc_column_text css=&#8221;&#8221;]<\/p>\n<h3 style=\"text-align: center;\"><span style=\"color: #ffffff;\">CARTELERA DE ABRIL<\/span><\/h3>\n<p>[\/vc_column_text][vc_empty_space height=&#8221;45px&#8221;][\/vc_column][\/vc_row][vc_row max_width=&#8221;1350&#8243;][vc_column][vc_empty_space height=&#8221;45px&#8221;][vc_empty_space height=&#8221;45px&#8221;][vc_column_text css=&#8221;&#8221;]<\/p>\n<h1><strong>SUPER MARIO GALAXY: LA PEL\u00cdCULA <\/strong><\/h1>\n<p>[\/vc_column_text][vc_empty_space height=&#8221;45px&#8221;][\/vc_column][\/vc_row][vc_row max_width=&#8221;1350&#8243;][vc_column width=&#8221;1\/4&#8243;][vc_column_text css=&#8221;&#8221;]<\/p>\n<h4>Viernes 10 de Abril<\/h4>\n<p>19hs (en castellano y 2D)[\/vc_column_text][vc_empty_space height=&#8221;45px&#8221;][\/vc_column][vc_column width=&#8221;1\/4&#8243;][vc_column_text css=&#8221;&#8221;]<\/p>\n<h4>S\u00e1bado 11 de Abril<\/h4>\n<p>19hs (en castellano y 2D)[\/vc_column_text][vc_empty_space height=&#8221;45px&#8221;][\/vc_column][vc_column width=&#8221;1\/4&#8243;][vc_column_text css=&#8221;&#8221;]<\/p>\n<h4>Domingo 12 de Abril<\/h4>\n<p>1630hs (en castellano y en 3D)<\/p>\n<p>19hs (en castellano y 2D)[\/vc_column_text][vc_empty_space height=&#8221;45px&#8221;][\/vc_column][vc_column width=&#8221;1\/4&#8243;][vc_column_text css=&#8221;&#8221;]<\/p>\n<h4>Lunes 13 de Abril<\/h4>\n<p>19hs (en castellano y 2D)[\/vc_column_text][vc_empty_space height=&#8221;45px&#8221;][\/vc_column][\/vc_row][vc_row max_width=&#8221;1350&#8243;][vc_column width=&#8221;1\/3&#8243;][vc_column_text css=&#8221;&#8221;]<img loading=\"lazy\" decoding=\"async\" class=\"alignnone size-large wp-image-1570\" src=\"http:\/\/cineteatrocolon.com.ar\/wp-content\/uploads\/2026\/03\/Super_Mario_Galaxy_Primer_Poster-819x1024.webp\" alt=\"\" width=\"819\" height=\"1024\" srcset=\"https:\/\/cineteatrocolon.com.ar\/wp-content\/uploads\/2026\/03\/Super_Mario_Galaxy_Primer_Poster-819x1024.webp 819w, https:\/\/cineteatrocolon.com.ar\/wp-content\/uploads\/2026\/03\/Super_Mario_Galaxy_Primer_Poster-240x300.webp 240w, https:\/\/cineteatrocolon.com.ar\/wp-content\/uploads\/2026\/03\/Super_Mario_Galaxy_Primer_Poster-768x960.webp 768w, https:\/\/cineteatrocolon.com.ar\/wp-content\/uploads\/2026\/03\/Super_Mario_Galaxy_Primer_Poster.webp 1080w\" sizes=\"auto, (max-width: 819px) 100vw, 819px\" \/>[\/vc_column_text][vc_empty_space height=&#8221;45px&#8221;][\/vc_column][vc_column width=&#8221;1\/3&#8243;][vc_empty_space height=&#8221;45px&#8221;][vc_empty_space height=&#8221;45px&#8221;][vc_column_text css=&#8221;&#8221;]<strong>Sinopsis<\/strong><\/p>\n<section>\n<div class=\"container-fluid\">\n<div class=\"news-item\">\n<div class=\"news-item__body\">\n<section>\n<div class=\"container-fluid\">\n<div class=\"news-item\">\n<div class=\"news-item__body\">\n<section>\n<div class=\"container-fluid\">\n<div class=\"news-item\">\n<div class=\"news-item__body\">\n<section>\n<div class=\"container-fluid\">\n<div class=\"news-item\">\n<div class=\"news-item__body\">\n<section>\n<div class=\"container-fluid\">\n<div class=\"news-item\">\n<div class=\"news-item__body\">\n<section>\n<div class=\"container-fluid\">\n<div class=\"news-item\">\n<div class=\"news-item__body\">\n<section>\n<div class=\"container-fluid\">\n<div class=\"news-item\">\n<div class=\"news-item__body\">\n<section>\n<div class=\"container-fluid\">\n<div class=\"news-item\">\n<div class=\"news-item__body\">\n<section>\n<div class=\"container-fluid\">\n<div class=\"news-item\">\n<div class=\"news-item__body\">\n<section>\n<div class=\"container-fluid\">\n<div class=\"news-item\">\n<div class=\"news-item__body\">\n<section>\n<div class=\"container-fluid\">\n<div class=\"news-item\">\n<div class=\"news-item__body\">\n<div id=\"expanded\">\n<p class=\"cvGsUA direction-ltr align-center para-style-body\"><span class=\"a_GcMg font-feature-liga-off font-feature-clig-off font-feature-calt-off text-decoration-none text-strikethrough-none\">Luego de vencer a Bowser y salvar Brooklyn, Mario, Luigi y la Princesa Peach efrentan una nueva amenaza que los desafia a emprender una aventura hasta los confines del espacio <\/span><span class=\"a_GcMg font-feature-liga-off font-feature-clig-off font-feature-calt-off text-decoration-none text-strikethrough-none\">y a trav\u00e9s de la galaxia.<\/span><\/p>\n<\/div>\n<div>\n<div id=\"items\">\n<div id=\"header\" class=\"style-scope ytd-video-description-transcript-section-renderer\"><\/div>\n<\/div>\n<\/div>\n<\/div>\n<\/div>\n<\/div>\n<\/section>\n<\/div>\n<\/div>\n<\/div>\n<\/section>\n<\/div>\n<\/div>\n<\/div>\n<\/section>\n<\/div>\n<\/div>\n<\/div>\n<\/section>\n<\/div>\n<\/div>\n<\/div>\n<\/section>\n<\/div>\n<\/div>\n<\/div>\n<\/section>\n<\/div>\n<\/div>\n<\/div>\n<\/section>\n<\/div>\n<\/div>\n<\/div>\n<\/section>\n<\/div>\n<\/div>\n<\/div>\n<\/section>\n<\/div>\n<\/div>\n<\/div>\n<\/section>\n<\/div>\n<\/div>\n<\/div>\n<\/section>\n<p>[\/vc_column_text][vc_empty_space height=&#8221;45px&#8221;][\/vc_column][vc_column width=&#8221;1\/3&#8243;][vc_empty_space height=&#8221;45px&#8221;][vc_column_text css=&#8221;&#8221;]<\/p>\n<ul>\n<li>TITULO ORIGINAL: The Super Mario Galaxy Movie<\/li>\n<li class=\"Texto\">VOCES ORIGINALES: Keegan-Michael Key, Jack Black, Charlie Day, Anya Taylor-Joy, Chris Pratt.<\/li>\n<li class=\"Texto\">GENERO: Fantas\u00eda, Familiar, Aventuras, Animaci\u00f3n.<\/li>\n<li class=\"Texto\">DIRECCION: Michael Jelenic, Aaron Horvath.<\/li>\n<li class=\"Texto\">ORIGEN: Estados Unidos.<\/li>\n<li class=\"Texto\">DISTRIBUIDORA: UIP<\/li>\n<li class=\"Texto\">ESTRENO: 02 de Abril de\u00a0<a href=\"https:\/\/m.cinesargentinos.com.ar\/estrenos\/2026\/\">2026<\/a><\/li>\n<li class=\"Texto\">98 Minutos<\/li>\n<li class=\"Texto\">Apta para todo p\u00fablico<\/li>\n<\/ul>\n<p>[\/vc_column_text][vc_empty_space height=&#8221;45px&#8221;][vc_video link=&#8221;https:\/\/www.youtube.com\/watch?v=M-mkyGCS6OQ&#8221; align=&#8221;center&#8221;][vc_empty_space height=&#8221;45px&#8221;][vc_empty_space height=&#8221;45px&#8221;][\/vc_column][\/vc_row][vc_row][vc_column][vc_separator][\/vc_column][\/vc_row][vc_row max_width=&#8221;1350&#8243;][vc_column][vc_empty_space height=&#8221;45px&#8221;][vc_empty_space height=&#8221;45px&#8221;][vc_column_text css=&#8221;&#8221;]<\/p>\n<h1><strong>EL DRAMA<\/strong><\/h1>\n<p>[\/vc_column_text][vc_empty_space height=&#8221;45px&#8221;][\/vc_column][\/vc_row][vc_row max_width=&#8221;1350&#8243;][vc_column width=&#8221;1\/4&#8243;][vc_column_text css=&#8221;&#8221;]<\/p>\n<h4>Viernes 10 de Abril<\/h4>\n<p>2130hs (en castellano y en 2D)[\/vc_column_text][vc_empty_space height=&#8221;45px&#8221;][\/vc_column][vc_column width=&#8221;1\/4&#8243;][vc_column_text css=&#8221;&#8221;]<\/p>\n<h4>S\u00e1bado 11 de Abril<\/h4>\n<p>2130hs (subtitulada y en 2D)[\/vc_column_text][vc_empty_space height=&#8221;45px&#8221;][\/vc_column][vc_column width=&#8221;1\/4&#8243;][vc_column_text css=&#8221;&#8221;]<\/p>\n<h4>Domingo 12 de Abril<\/h4>\n<p>2130hs (en castellano y en 2D)[\/vc_column_text][vc_empty_space height=&#8221;45px&#8221;][\/vc_column][vc_column width=&#8221;1\/4&#8243;][vc_column_text css=&#8221;&#8221;]<\/p>\n<h4>Lunes 13 de Abril<\/h4>\n<p>2130hs (subtitulada y en 2D)[\/vc_column_text][vc_empty_space height=&#8221;45px&#8221;][\/vc_column][\/vc_row][vc_row max_width=&#8221;1350&#8243;][vc_column width=&#8221;1\/3&#8243;][vc_column_text css=&#8221;&#8221;]<img loading=\"lazy\" decoding=\"async\" class=\"alignnone size-large wp-image-1576\" src=\"http:\/\/cineteatrocolon.com.ar\/wp-content\/uploads\/2026\/04\/El_drama-941611198-large-819x1024.jpg\" alt=\"\" width=\"819\" height=\"1024\" srcset=\"https:\/\/cineteatrocolon.com.ar\/wp-content\/uploads\/2026\/04\/El_drama-941611198-large-819x1024.jpg 819w, https:\/\/cineteatrocolon.com.ar\/wp-content\/uploads\/2026\/04\/El_drama-941611198-large-240x300.jpg 240w, https:\/\/cineteatrocolon.com.ar\/wp-content\/uploads\/2026\/04\/El_drama-941611198-large-768x960.jpg 768w, https:\/\/cineteatrocolon.com.ar\/wp-content\/uploads\/2026\/04\/El_drama-941611198-large.jpg 960w\" sizes=\"auto, (max-width: 819px) 100vw, 819px\" \/>[\/vc_column_text][vc_empty_space height=&#8221;45px&#8221;][\/vc_column][vc_column width=&#8221;1\/3&#8243;][vc_empty_space height=&#8221;45px&#8221;][vc_empty_space height=&#8221;45px&#8221;][vc_column_text css=&#8221;&#8221;]<strong>Sinopsis<\/strong><\/p>\n<section>\n<div class=\"container-fluid\">\n<div class=\"news-item\">\n<div class=\"news-item__body\">\n<section>\n<div class=\"container-fluid\">\n<div class=\"news-item\">\n<div class=\"news-item__body\">\n<section>\n<div class=\"container-fluid\">\n<div class=\"news-item\">\n<div class=\"news-item__body\">\n<section>\n<div class=\"container-fluid\">\n<div class=\"news-item\">\n<div class=\"news-item__body\">\n<section>\n<div class=\"container-fluid\">\n<div class=\"news-item\">\n<div class=\"news-item__body\">\n<section>\n<div class=\"container-fluid\">\n<div class=\"news-item\">\n<div class=\"news-item__body\">\n<section>\n<div class=\"container-fluid\">\n<div class=\"news-item\">\n<div class=\"news-item__body\">\n<section>\n<div class=\"container-fluid\">\n<div class=\"news-item\">\n<div class=\"news-item__body\">\n<section>\n<div class=\"container-fluid\">\n<div class=\"news-item\">\n<div class=\"news-item__body\">\n<section>\n<div class=\"container-fluid\">\n<div class=\"news-item\">\n<div class=\"news-item__body\">\n<section>\n<div class=\"container-fluid\">\n<div class=\"news-item\">\n<div class=\"news-item__body\">\n<div id=\"expanded\">\n<p class=\"cvGsUA direction-ltr align-center para-style-body\">A pocos d\u00edas de su boda, una pareja enfrenta secretos que amenazan con destruirlo todo&#8230; y descubrir la verdad ser\u00e1 m\u00e1s peligroso que cancelar el &#8220;s\u00ed, acepto&#8221;.<\/p>\n<\/div>\n<div>\n<div id=\"items\">\n<div id=\"header\" class=\"style-scope ytd-video-description-transcript-section-renderer\"><\/div>\n<\/div>\n<\/div>\n<\/div>\n<\/div>\n<\/div>\n<\/section>\n<\/div>\n<\/div>\n<\/div>\n<\/section>\n<\/div>\n<\/div>\n<\/div>\n<\/section>\n<\/div>\n<\/div>\n<\/div>\n<\/section>\n<\/div>\n<\/div>\n<\/div>\n<\/section>\n<\/div>\n<\/div>\n<\/div>\n<\/section>\n<\/div>\n<\/div>\n<\/div>\n<\/section>\n<\/div>\n<\/div>\n<\/div>\n<\/section>\n<\/div>\n<\/div>\n<\/div>\n<\/section>\n<\/div>\n<\/div>\n<\/div>\n<\/section>\n<\/div>\n<\/div>\n<\/div>\n<\/section>\n<p>[\/vc_column_text][vc_empty_space height=&#8221;45px&#8221;][\/vc_column][vc_column width=&#8221;1\/3&#8243;][vc_empty_space height=&#8221;45px&#8221;][vc_column_text css=&#8221;&#8221;]<\/p>\n<ul>\n<li class=\"Texto\">TITULO ORIGINAL: The drama<\/li>\n<li class=\"Texto\">ACTORES PRINCIPALES: Robert Pattinson, . Zendaya.<\/li>\n<li class=\"Texto\">GENERO: Drama.<\/li>\n<li class=\"Texto\">DIRECCION: Kristoffer Borgli.<\/li>\n<li class=\"Texto\">ORIGEN: Estados Unidos.<\/li>\n<li class=\"Texto\">DISTRIBUIDORA: Diamond Films<\/li>\n<li class=\"Texto\">ESTRENO: 09 de Abril de\u00a0<a href=\"https:\/\/m.cinesargentinos.com.ar\/estrenos\/2026\/\">2026<\/a><\/li>\n<li class=\"Texto\">106 Minutos<\/li>\n<li class=\"Texto\">Apta para mayores de 13 a\u00f1os<\/li>\n<\/ul>\n<p>[\/vc_column_text][vc_empty_space height=&#8221;45px&#8221;][vc_video link=&#8221;https:\/\/www.youtube.com\/watch?v=GsvzQgkoIsY&#8221; align=&#8221;center&#8221;][vc_empty_space height=&#8221;45px&#8221;][vc_empty_space height=&#8221;45px&#8221;][\/vc_column][\/vc_row]<\/p>\n<\/div>","protected":false},"excerpt":{"rendered":"<p>[vc_row type=&#8221;full-nopad&#8221; css=&#8221;.vc_custom_1705149859899{background-color: #228ed6 !important;}&#8221;][vc_column][vc_empty_space height=&#8221;45px&#8221;][vc_column_text css=&#8221;&#8221;] CARTELERA DE ABRIL [\/vc_column_text][vc_empty_space height=&#8221;45px&#8221;][\/vc_column][\/vc_row][vc_row max_width=&#8221;1350&#8243;][vc_column][vc_empty_space height=&#8221;45px&#8221;][vc_empty_space height=&#8221;45px&#8221;][vc_column_text css=&#8221;&#8221;] SUPER MARIO GALAXY: LA PEL\u00cdCULA [\/vc_column_text][vc_empty_space height=&#8221;45px&#8221;][\/vc_column][\/vc_row][vc_row max_width=&#8221;1350&#8243;][vc_column width=&#8221;1\/4&#8243;][vc_column_text css=&#8221;&#8221;] Viernes 10 de Abril 19hs (en castellano y 2D)[\/vc_column_text][vc_empty_space height=&#8221;45px&#8221;][\/vc_column][vc_column width=&#8221;1\/4&#8243;][vc_column_text css=&#8221;&#8221;] S\u00e1bado 11 de Abril 19hs (en castellano y 2D)[\/vc_column_text][vc_empty_space height=&#8221;45px&#8221;][\/vc_column][vc_column width=&#8221;1\/4&#8243;][vc_column_text css=&#8221;&#8221;] Domingo 12 de Abril 1630hs &hellip;<\/p>\n","protected":false},"author":1,"featured_media":0,"parent":0,"menu_order":0,"comment_status":"closed","ping_status":"closed","template":"templates\/page-full.php","meta":{"footnotes":""},"class_list":["post-89","page","type-page","status-publish","hentry"],"_links":{"self":[{"href":"https:\/\/cineteatrocolon.com.ar\/index.php?rest_route=\/wp\/v2\/pages\/89","targetHints":{"allow":["GET"]}}],"collection":[{"href":"https:\/\/cineteatrocolon.com.ar\/index.php?rest_route=\/wp\/v2\/pages"}],"about":[{"href":"https:\/\/cineteatrocolon.com.ar\/index.php?rest_route=\/wp\/v2\/types\/page"}],"author":[{"embeddable":true,"href":"https:\/\/cineteatrocolon.com.ar\/index.php?rest_route=\/wp\/v2\/users\/1"}],"replies":[{"embeddable":true,"href":"https:\/\/cineteatrocolon.com.ar\/index.php?rest_route=%2Fwp%2Fv2%2Fcomments&post=89"}],"version-history":[{"count":206,"href":"https:\/\/cineteatrocolon.com.ar\/index.php?rest_route=\/wp\/v2\/pages\/89\/revisions"}],"predecessor-version":[{"id":1579,"href":"https:\/\/cineteatrocolon.com.ar\/index.php?rest_route=\/wp\/v2\/pages\/89\/revisions\/1579"}],"wp:attachment":[{"href":"https:\/\/cineteatrocolon.com.ar\/index.php?rest_route=%2Fwp%2Fv2%2Fmedia&parent=89"}],"curies":[{"name":"wp","href":"https:\/\/api.w.org\/{rel}","templated":true}]}}